k(d). What is the tens digit of n(-2)?
1
Suppose -14 = -3*x - d, 0 = 3*x + 2*d - 14 - 5. Suppose -f - x*o = -19, 4*f + o = 35 + 30. What is the tens digit of f?
1
Let v = 130 - 12. What is the units digit of v?
8
Let t = 8 - 24. Let z = 21 - t. Suppose -5*u + o + 12 = -3, 3*u + 5*o = z. What is the units digit of u?
4
Let o = -43 + 199. What is the units digit of o?
6
Suppose 6 = -5*l + 111. Let d = 13 + -11. Let j = l - d. What is the tens digit of j?
1
Let w(a) = a**2 - 4*a + 0 + 3 + 3. What is the units digit of w(4)?
6
Let u(v) = -v**3 + 9*v**2 - 5*v + 4. What is the units digit of u(6)?
2
Suppose 0 = j - 2 - 33. What is the units digit of j?
5
Suppose 0 = -5*n + 8*x - 3*x + 60, -3*n + 42 = -x. What is the units digit of n?
5
Let h = -39 - -44. What is the units digit of h?
5
Suppose -5*u - b + 173 = -0*u, 2*u + 4*b = 80. What is the tens digit of u?
3
Let j be (-32)/(-14) + 16/(-56). Suppose -2*y + 4*l + 40 = j*y, 4*y = -3*l + 33. What is the units digit of y?
9
Let f be (2 + -1)*(0 - -1). Suppose -3*p = -0*p - 3. Suppose -2*m + f + p = 0. What is the units digit of m?
1
Let d(q) = 6*q - 8. What is the units digit of d(7)?
4
Suppose -4*p - 5*m = -0*m, -3*m = 5*p. Suppose p = 5*v - 8 - 2. Suppose 14 = 4*n - v*n. What is the units digit of n?
7
What is the units digit of (-6669)/(-27) - (1/1 + 3)?
3
Let q(s) = -s**3 + 21*s**2 + 24*s + 10. What is the tens digit of q(22)?
5
What is the tens digit of ((-5)/(-10))/((-4)/(-528))?
6
Suppose -2*p - 4*p + 288 = 0. What is the units digit of p?
8
Let z = -5 - -3. What is the units digit of (-46)/(-8) - z/8?
6
Suppose l = 55 + 205. Let v = 2 + -4. What is the units digit of l/36 + v/9?
7
Let x(t) = -t**3 + 4*t**2 - 4*t + 6. Let q be x(3). Suppose -q*b + 176 = b. What is the tens digit of b?
4
Let y(j) = 2 + 2*j + 1 - 2 - 3. What is the units digit of y(5)?
8
Suppose 0 = 2*r - 4*i - 104, 2*i + 172 = 2*r + r. What is the units digit of r?
0
Let a = 11 - 6. Let v = a - 1. What is the units digit of v?
4
Let l(z) = 7*z + 0 + 0 - 1. What is the units digit of l(3)?
0
Let y(d) = 2*d + 13. What is the units digit of y(7)?
7
Let h be (-2)/4*-1*2. What is the units digit of 1/(h + 10/(-12))?
6
Let z = -11 + 9. What is the tens digit of z - 0/(-1) - -19?
1
Let d(r) = -r + 24. Let i(k) = -2*k + 23. Let f(h) = 3*d(h) - 2*i(h). What is the units digit of f(0)?
6
Let v = 100 - 61. What is the units digit of v?
9
Suppose -4*d - 7 = 3*g, -4*d - 9 = g + 4*g. What is the tens digit of -33*((-15)/9 - d)?
2
Let q(x) = x + 3. Let c be q(0). Suppose -c*i - 36 = -0*i. Let p = i - -17. What is the units digit of p?
5
Let c(l) = -3*l**2 - 3*l - 3. Let n(k) = 5*k**2 + 6*k + 6. Let g(h) = -7*c(h) - 4*n(h). Let y be g(3). Let r = y + 9. What is the units digit of r?
6
What is the tens digit of -1 + 12/9 - 1312/(-24)?
5
Suppose 0 = -0*r + 2*r + 2*k - 10, 5*k - 15 = 0. Suppose 3*u - 21 = -d - 3*d, 0 = r*d - 4*u + 6. What is the units digit of d?
3
Let l(y) = -y + 3. Let o be l(5). Let h(n) = -5*n - 2. What is the units digit of h(o)?
8
Suppose -4*v + 120 = v. Suppose 2*y - 4*l = -0 + 26, 3*y - 3*l = v. Suppose -f + 0 = -y. What is the units digit of f?
3
Let t = -170 - -306. Suppose -2*l = 2*l - t. What is the tens digit of l?
3
Let o(i) = -3*i**2 + i + 4. Let u be o(-3). Let m = u - -36. Suppose 0*k - 3*k + m = -2*d, -4*k - d + 28 = 0. What is the units digit of k?
6
What is the tens digit of 9/6*(-436)/(-6)?
0
Suppose 74 = 2*j - 2*a, 3*j - 3*a - 113 = -a. What is the units digit of j?
9
Suppose -6 = 5*q - 21, -q = u - 16. Let m(v) = u - 5 + v + 4. What is the units digit of m(-8)?
4
Let d = 19 - 10. Suppose -4*v + 4*z - 45 = -d*v, 4*v = 5*z + 36. Suppose -4*s = -v*s + 40. What is the units digit of s?
8
What is the tens digit of -3 + 1 - 1 - -45?
4
Let j(t) = 109*t**3 + 2*t**2 + 3*t - 2. What is the tens digit of j(1)?
1
Let m be 39 + (-1 - -4) + -2. Let o = -24 + m. What is the units digit of o?
6
Suppose -48 = -5*f + 2*f. Suppose 2*c + 8 = 5*h, -2*h + f = 5*c - 22. Suppose -b = -3*b + c. What is the units digit of b?
3
Let z = -12 - -44. What is the units digit of z?
2
Suppose -3*x + 115 - 13 = 0. What is the units digit of x?
4
Suppose 5*m + 647 = 2*x, m - 257 = 3*x - 1221. What is the tens digit of x?
2
Suppose 0*s - 55 = -3*m - 4*s, -2*m + 33 = -s. Let r = m - -4. Let u = -10 + r. What is the tens digit of u?
1
Suppose -3*o = 2*o + 15. Let x = o + 2. Let w = x - -6. What is the units digit of w?
5
Let n = 194 - 104. Suppose 6*f + n = f. What is the units digit of f/((-1 - -3)*-1)?
9
Let v be 12/3 - (-2 - -4). Suppose -4*t = -g - 3 + 10, -v*g + 19 = -3*t. What is the tens digit of g?
1
Let l(u) = -3*u - 23. Let z(a) = -a - 11. Let b(n) = -2*l(n) + 5*z(n). What is the units digit of b(10)?
1
What is the hundreds digit of 10/(-15)*1 + (-1570)/(-6)?
2
Suppose -a = a. Let q(x) = x**3 - 6*x**2 - 2. Let r be q(6). What is the units digit of -2 + (5 - a) + r?
1
Suppose 4*t + 13 = 5*t. Let j = t + 4. What is the units digit of j?
7
Suppose -y - 3*y = -16. Suppose 0 = -k, -y*n + k + 0*k = -76. What is the tens digit of n?
1
Let c = -2 - 1. Let y be (-1)/c - 124/(-6). Let u = -13 + y. What is the units digit of u?
8
Let j(z) = z**3 + 4*z**2 - 6*z + 5. What is the units digit of j(-5)?
0
Let m(n) = -3*n - 3. Let i be 4 + -1 - (9 - 0). Let u = i - 0. What is the units digit of m(u)?
5
What is the tens digit of (-1)/7 + 2466/63?
3
Suppose -4*r - 4 = 8. Suppose 2*s - 2 - 6 = 0. Let a = s + r. What is the units digit of a?
1
Let o be 9/(-6)*10/(-3). Suppose q = -4*x + 37, o*x + 4*q - 35 = 25. What is the units digit of x?
8
Let c = 19 - 68. Let i = 71 + c. What is the tens digit of i?
2
Suppose -2 = -5*n + 3. Let f(w) = 22*w. What is the tens digit of f(n)?
2
Let i = -251 + 507. What is the units digit of i?
6
Let i be 19*3 + (0 - -2). Suppose 2*o + j - i = -0*o, 3*j - 15 = 0. What is the units digit of o?
7
Let n = 9 - 8. What is the units digit of n?
1
What is the tens digit of (-1)/2 + (-2965)/(-10)?
9
Let s(x) = -x**3 - 7*x**2 - 3*x + 11. What is the units digit of s(-7)?
2
Suppose 5*a - 4*u = 666, 2*a + 4*u + 406 = 5*a. What is the tens digit of a?
3
Let i(q) = q**3 - 2*q**2 - q + 1. Suppose -2*h = -4*h - 4. Let o be i(h). Let x = -6 - o. What is the units digit of x?
7
Let z = -11 + 11. Suppose z = -5*s + 43 - 13. What is the units digit of s?
6
Let g = 22 - 56. Let f = 3 - g. What is the tens digit of f?
3
Suppose 0 = r - 5*s - 59 + 12, 0 = -4*r + s + 207. What is the tens digit of r?
5
Let v(t) = 5*t. Let p be v(4). Suppose p = 3*w + w. What is the units digit of w?
5
Suppose 3 = -3*m, 0*k + m = k - 45. Suppose 7*t - k = 3*t. What is the units digit of t?
1
Let a(y) = 4*y - 21. Let x be a(6). Suppose -5*t - 34 = -g, 0*t - 60 = -x*g + t. What is the tens digit of g?
1
Let x(u) = -u - 4. Let p be x(-7). Suppose 0 = -2*t - p*a + 29, 0*a - 1 = a. What is the tens digit of t?
1
Suppose -s + 10 = 2*a - 5*s, 0 = -a - 2*s + 5. Suppose 16 = w - a*w. Let y = w - -14. What is the units digit of y?
0
Let k(h) = 3*h + 5. Let q be k(-5). Let r be (-4)/q + (-18)/(-5). Suppose -o - 2*s - 3 = 2*s, -5*s = o + r. What is the units digit of o?
1
Suppose -6*d + 25 = -d. Suppose 0 = 5*k - 4*y - 68, 0 = d*k + 4*y - 50 - 42. What is the units digit of k?
6
What is the tens digit of (1 - 88)/(((-15)/(-10))/(-1))?
5
Suppose -5*b = 104 - 349. What is the units digit of b?
9
Suppose k = -2, 4*v + 4*k + 8 + 0 = 0. Suppose v = u - 11. What is the units digit of u?
1
Let j(g) = g**3 + 6*g**2 + 6*g - 2. Let b be j(-5). Let u = b - -37. What is the units digit of u?
0
Let a = 4 - 1. Suppose -f = -4*h - 16, -5*f - 20 = 5*h - 0*h. Suppose f = -a*n - n + 32. What is the units digit of n?
8
Let k(p) = 6*p - 12. Let o be (4/6)/((-2)/(-27)). What is the units digit of k(o)?
2
Let n = 11 + 16. Let f = n - 14. What is the tens digit of f?
1
Let d(c) = c**3 - 6*c**2 + 3*c + 1. Let t be d(4). Let a = t + 29. What is the tens digit of a?
1
Let z(k) = k. Let m(h) = -2*h**2 + 13*h + 10. Let v(x) = -m(x) + 4*z(x). What is the units digit of v(7)?
5
Suppose 4 - 10 = -2*l. Let c = l - 4. What is the units digit of 1 + 2 + c - 0?
2
Let s = 11 - -1. Suppose -2*z - z = -s. Suppose 21 - 57 = -z*c. What is the units digit of c?
9
Suppose 2*f = 43 + 463. What is the hundreds dig